undred thousands digit of 382671735?
6
What is the thousands digit of 6162239466?
9
What is the ten millions digit of 89045992?
8
What is the millions digit of 663947314?
3
What is the tens digit of 147486086?
8
What is the hundreds digit of 55846726?
7
What is the tens digit of 28355834?
3
What is the hundred thousands digit of 53185700?
1
What is the hundreds digit of 608118858?
8
What is the hundreds digit of 130752044?
0
What is the millions digit of 8447093026?
7
What is the tens digit of 212412375?
7
What is the ten millions digit of 67585944?
6
What is the millions digit of 230182995?
0
What is the ten millions digit of 496568211?
9
What is the thousands digit of 35768959?
8
What is the ten millions digit of 223928454?
2
What is the ten thousands digit of 411870044?
7
What is the hundred thousands digit of 351653740?
6
What is the ten thousands digit of 244167273?
6
What is the hundred thousands digit of 857506782?
5
What is the billions digit of 1049229967?
1
What is the hundred millions digit of 4630165345?
6
What is the ten millions digit of 612453834?
1
What is the hundreds digit of 227496087?
0
What is the hundred millions digit of 605169172?
6
What is the ten millions digit of 27540280?
2
What is the thousands digit of 39143448?
3
What is the millions digit of 158056834?
8
What is the hundred thousands digit of 60559288?
5
What is the ten millions digit of 24088307?
2
What is the ten millions digit of 4407257102?
0
What is the ten thousands digit of 701454498?
5
What is the ten thousands digit of 77629027?
2
What is the millions digit of 71807112?
1
What is the ten millions digit of 37543069?
3
What is the tens digit of 1770732986?
8
What is the ten thousands digit of 485503002?
0
What is the hundreds digit of 484638582?
5
What is the billions digit of 1239212829?
1
What is the ten thousands digit of 952671513?
7
What is the millions digit of 33039683?
3
What is the ten millions digit of 1961567841?
6
What is the hundreds digit of 60723331?
3
What is the millions digit of 49687839?
9
What is the tens digit of 12178009?
0
What is the thousands digit of 93982429?
2
What is the units digit of 155167521?
1
What is the units digit of 15036215?
5
What is the tens digit of 3452262100?
0
What is the millions digit of 115985301?
5
What is the ten thousands digit of 150227407?
2
What is the hundred thousands digit of 909612422?
6
What is the ten millions digit of 52123969?
5
What is the ten thousands digit of 47646605?
4
What is the tens digit of 42106076?
7
What is the ten thousands digit of 3754185809?
8
What is the millions digit of 26619141?
6
What is the millions digit of 6222918896?
2
What is the hundred millions digit of 647681877?
6
What is the millions digit of 41864712?
1
What is the hundred millions digit of 1833578755?
8
What is the units digit of 66254116?
6
What is the millions digit of 1972574?
1
What is the millions digit of 24882475?
4
What is the millions digit of 5451256473?
1
What is the units digit of 411920378?
8
What is the hundred thousands digit of 48657795?
6
What is the millions digit of 30796393?
0
What is the millions digit of 68448210?
8
What is the hundred millions digit of 370434511?
3
What is the millions digit of 407975414?
7
What is the ten thousands digit of 497779131?
7
What is the units digit of 66385093?
3
What is the ten millions digit of 57732355?
5
What is the ten thousands digit of 637468304?
6
What is the units digit of 91927173?
3
What is the hundreds digit of 308013485?
4
What is the tens digit of 159906607?
0
What is the millions digit of 245363847?
5
What is the units digit of 291872737?
7
What is the ten millions digit of 244354373?
4
What is the ten thousands digit of 250907536?
0
What is the hundreds digit of 31741618?
6
What is the hundred thousands digit of 1054970542?
9
What is the ten thousands digit of 2722002305?
0
What is the ten thousands digit of 18287014?
8
What is the millions digit of 113707877?
3
What is the hundreds digit of 634747686?
6
What is the units digit of 432462661?
1
What is the tens digit of 1384511479?
7
What is the ten thousands digit of 38073921?
7
What is the thousands digit of 447989144?
9
What is the units digit of 755766874?
4
What is the hundreds digit of 157960944?
9
What is the thousands digit of 6688794332?
4
What is the hundred millions digit of 228957491?
2
What is the millions digit of 5259238?
5
What is the units digit of 963100621?
1
What is the millions digit of 165787177?
5
What is the tens digit of 542495316?
1
What is the hundreds digit of 19422434?
4
What is the hundred millions digit of 189411082?
1
What is the hundred thousands digit of 77018158?
0
What is the hundred thousands digit of 467441186?
4
What is the hundred thousands digit of 282480109?
4
What is the units digit of 1243298515?
5
What is the thousands digit of 1745273687?
3
What is the ten thousands digit of 7872297042?
9
What is the hundred millions digit of 504025027?
5
What is the hundred thousands digit of 394694053?
6
What is the millions digit of 76095398?
6
What is the hundreds digit of 228012869?
8
What is the ten thousands digit of 2405665910?
6
What is the hundred thousands digit of 76282504?
2
What is the units digit of 23561441?
1
What is the ten millions digit of 65600060?
6
What is the thousands digit of 3711142045?
2
What is the units digit of 44389773?
3
What is the millions digit of 41761208?
1
What is the ten millions digit of 582778921?
8
What is the tens digit of 4908199148?
4
What is the ten millions digit of 39830948?
3
What is the millions digit of 471182461?
1
What is the millions digit of 60924538?
0
What is the thousands digit of 43269648?
9
What is the hundreds digit of 2614155418?
4
What is the ten thousands digit of 362213999?
1
What is the hundred millions digit of 420488569?
4
What is the ten thousands digit of 426935771?
3
What is the units digit of 99681221?
1
What is the hundreds digit of 135792059?
0
What is the ten millions digit of 23046260?
2
What is the units digit of 55192747?
7
What is the ten thousands digit of 313924021?
2
What is the tens digit of 15640195?
9
What is the tens digit of 262027352?
5
What is the ten millions digit of 229122752?
2
What is the hundred millions digit of 2022029416?
0
What is the hundreds digit of 544541478?
4
What is the millions digit of 4149114775?
9
What is the thousands digit of 8654761676?
1
What is the units digit of 8297964?
4
What is the tens digit of 160548461?
6
What is the ten thousands digit of 7664543922?
4
What is the thousands digit of 9836618?
6
What is the hundred thousands digit of 6212684944?
6
What is the hundred millions digit of 662581607?
6
What is the units digit of 4499544837?
7
What is the tens digit of 67674915?
1
What is the ten thousands digit of 525491251?
9
What is the thousands digit of 9714511?
4
What is the units digit of 3474810479?
9
What is the tens digit of 1249451416?
1
What is the millions digit of 25465368?
5
What is the thousands digit of 58393496?
3
What is the hundred millions digit of 881523946?
8
What is the units digit of 55358498?
8
What is the hundreds digit of 4641945687?
6
What is the ten millions digit of 50319529?
5
What is the millions digit of 41523652?
1
What is the millions digit of 58766293?
8
What is the hundred thousands digit of 320565976?
5
What is the hundred thousands digit of 844952731?
9
What is the ten millions digit of 142053578?
4
What is the hundreds digit of 464601368?
3
What is the ten millions digit of 536359555?
3
What is the hundred thousands digit of 725836815?
8
What is the tens digit of 752789337?
3
What is the tens digit of 1783841565?
6
What is the ten thousands digit of 828706469?
0
What is the units digit of 528930387?
7
What is the units digit of 2009207950?
0
What is the thousands digit of 1462569619?
9
What is the tens digit of 912034879?
7
What is the tens digit of 1303002086?
8
What is the billions digit of 9197267001?
9
What is the units digit of 451871222?
2
What is the millions digit of 683114985?
3
What is the units digit of 391934479?
9
What is the millions digit of 9117283690?
7
What is the hundred millions digit of 1698925805?
6
What is the ten millions digit of 48018557?
4
What is the units digit of 31828174?
4
Wh